ulate the highest common divisor of 4 and 308.
4
Calculate the greatest common factor of 325 and 26.
13
Calculate the highest common factor of 86 and 989.
43
What is the greatest common factor of 3 and 177?
3
Calculate the highest common factor of 2748 and 84.
12
Calculate the highest common divisor of 4653 and 11.
11
Calculate the highest common factor of 63 and 497.
7
Calculate the greatest common factor of 57 and 294.
3
Calculate the greatest common factor of 328 and 296.
8
Calculate the highest common factor of 657 and 3431.
73
What is the highest common factor of 68 and 408?
68
What is the greatest common factor of 1872 and 3?
3
What is the greatest common divisor of 29 and 841?
29
Calculate the highest common factor of 141 and 5217.
141
Calculate the greatest common divisor of 58 and 10.
2
What is the highest common factor of 290 and 2291?
29
Calculate the highest common divisor of 650 and 1118.
26
Calculate the greatest common factor of 267 and 623.
89
What is the highest common factor of 29 and 5191?
29
What is the greatest common divisor of 13861 and 1002?
167
What is the greatest common divisor of 119 and 7?
7
What is the greatest common divisor of 97 and 6887?
97
What is the greatest common divisor of 245 and 105?
35
What is the highest common factor of 77 and 11?
11
What is the greatest common factor of 13515 and 51?
51
What is the highest common factor of 252 and 6636?
84
What is the greatest common factor of 550 and 100?
50
What is the greatest common factor of 116 and 5684?
116
Calculate the greatest common divisor of 630 and 6.
6
Calculate the highest common divisor of 79 and 1.
1
What is the greatest common factor of 444 and 1212?
12
Calculate the highest common factor of 234 and 8541.
117
What is the greatest common factor of 78 and 96?
6
Calculate the highest common factor of 255 and 15.
15
Calculate the highest common divisor of 47447 and 34.
17
What is the highest common factor of 6 and 15648?
6
What is the highest common factor of 60 and 60?
60
What is the greatest common divisor of 33 and 1221?
33
What is the greatest common divisor of 75 and 1980?
15
Calculate the greatest common divisor of 156 and 130.
26
Calculate the greatest common divisor of 180 and 45.
45
Calculate the highest common divisor of 750 and 810.
30
What is the highest common factor of 550 and 2150?
50
What is the highest common divisor of 144 and 108?
36
Calculate the highest common factor of 399 and 114.
57
What is the highest common divisor of 41743 and 988?
247
Calculate the highest common factor of 1391 and 1300.
13
Calculate the greatest common factor of 75 and 45.
15
What is the greatest common divisor of 27 and 54?
27
What is the highest common factor of 301 and 129?
43
Calculate the greatest common factor of 1900 and 228.
76
Calculate the greatest common divisor of 28 and 2366.
14
Calculate the greatest common factor of 15 and 20.
5
Calculate the highest common divisor of 19375 and 125.
125
Calculate the highest common factor of 215 and 15.
5
What is the greatest common factor of 126 and 17829?
63
What is the greatest common divisor of 2365 and 645?
215
Calculate the greatest common divisor of 11 and 4961.
11
Calculate the greatest common factor of 2368 and 74.
74
Calculate the greatest common divisor of 159 and 212.
53
What is the greatest common factor of 596 and 4?
4
Calculate the greatest common factor of 6608 and 336.
112
What is the greatest common factor of 82 and 1476?
82
What is the greatest common factor of 1862 and 4522?
266
Calculate the greatest common factor of 380 and 3705.
95
Calculate the highest common factor of 22 and 6.
2
What is the greatest common divisor of 36 and 144?
36
What is the greatest common factor of 96 and 648?
24
Calculate the greatest common factor of 4844 and 28.
28
What is the highest common factor of 26 and 39?
13
Calculate the highest common factor of 357 and 51.
51
Calculate the highest common divisor of 2257 and 37.
37
What is the greatest common factor of 339 and 18193?
113
What is the greatest common divisor of 182 and 208?
26
What is the highest common divisor of 12 and 48?
12
Calculate the greatest common factor of 11 and 649.
11
Calculate the greatest common divisor of 259 and 74.
37
What is the greatest common divisor of 7290 and 10?
10
Calculate the greatest common divisor of 1207 and 51.
17
What is the highest common divisor of 90 and 30?
30
Calculate the greatest common factor of 27030 and 106.
106
What is the highest common factor of 27636 and 84?
84
Calculate the highest common divisor of 8 and 81.
1
What is the greatest common factor of 6146 and 42?
14
What is the highest common factor of 62 and 2201?
31
What is the greatest common divisor of 988 and 684?
76
Calculate the highest common divisor of 2020 and 8.
4
What is the highest common factor of 56026 and 218?
218
Calculate the highest common factor of 481 and 663.
13
What is the greatest common factor of 2947 and 7?
7
Calculate the greatest common factor of 3 and 1260.
3
What is the highest common divisor of 22 and 2156?
22
Calculate the highest common divisor of 468 and 390.
78
Calculate the highest common factor of 1809 and 27.
27
What is the highest common divisor of 12 and 432?
12
Calculate the greatest common factor of 107 and 1177.
107
What is the greatest common factor of 238 and 1106?
14
What is the highest common factor of 3522 and 12?
6
Calculate the highest common factor of 4278 and 414.
138
Calculate the highest common factor of 37 and 296.
37
Calculate the highest common divisor of 24 and 3448.
8
What is the highest common factor of 54 and 45?
9
What is the greatest common divisor of 238 and 14?
14
Calculate the greatest common factor of 25 and 400.
25
Calculate the highest common divisor of 1417 and 4687.
109
Calculate the highest common factor of 5660 and 20.
20
Calculate the highest common factor of 9 and 99.
9
Calculate the highest common factor of 85 and 6205.
85
Calculate the greatest common divisor of 123 and 2050.
41
What is the highest common factor of 10 and 52?
2
What is the highest common divisor of 292 and 1022?
146
What is the highest common divisor of 117 and 39?
39
What is the highest common divisor of 308 and 252?
28
What is the greatest common factor of 2675 and 100?
25
What is the highest common divisor of 1573 and 572?
143
Calculate the highest common divisor of 32 and 1.
1
Calculate the greatest common divisor of 2871 and 198.
99
What is the highest common divisor of 27976 and 807?
269
What is the highest common divisor of 4 and 2186?
2
Calculate the greatest common factor of 72 and 34.
2
Calculate the highest common factor of 21 and 273.
21
Calculate the greatest common divisor of 34 and 34.
34
What is the greatest common factor of 90 and 1278?
18
What is the highest common factor of 76 and 342?
38
Calculate the highest common divisor of 19 and 83695.
19
Calculate the greatest common divisor of 426 and 6.
6
What is the highest common factor of 4848 and 32?
16
Calculate the highest common factor of 108 and 162.
54
What is the highest common factor of 164 and 388?
4
Calculate the greatest common divisor of 1350 and 72.
18
Calculate the greatest common factor of 138170 and 410.
410
Calculate the greatest common divisor of 13 and 66976.
13
What is the highest common divisor of 7775 and 75?
25
What is the greatest common factor of 6 and 148?
2
Calculate the greatest common divisor of 287 and 369.
41
What is the highest common divisor of 16165 and 265?
265
Calculate the greatest common factor of 583 and 53.
53
What is the greatest common divisor of 20 and 752?
4
Calculate the highest common divisor of 168 and 966.
42
Calculate the highest common divisor of 74 and 8.
2
Calculate the greatest common divisor of 108 and 189.
27
Calculate the highest common factor of 66 and 627.
33
Calculate the greatest common divisor of 1972 and 272.
68
Calculate the highest common divisor of 186 and 666.
6
Calculate the greatest common divisor of 98 and 7203.
49
Calculate the greatest common divisor of 49 and 7.
7
Calculate the greatest common factor of 4913 and 17.
17
Calculate the greatest common divisor of 76 and 16948.
76
What is the highest common factor of 7813 and 13?
13
What is the greatest common factor of 455 and 1